?
0
What is the thousands digit of 209476?
9
What is the hundreds digit of 3795317?
3
What is the units digit of 5964118?
8
What is the tens digit of 43470878?
7
What is the tens digit of 265863?
6
What is the units digit of 299300?
0
What is the tens digit of 356766?
6
What is the tens digit of 388592?
9
What is the hundred thousands digit of 681612?
6
What is the tens digit of 693675?
7
What is the ten thousands digit of 19287?
1
What is the ten thousands digit of 700153?
0
What is the hundreds digit of 540471?
4
What is the units digit of 10175626?
6
What is the hundreds digit of 20992?
9
What is the tens digit of 10918993?
9
What is the thousands digit of 2357073?
7
What is the ten thousands digit of 609004?
0
What is the hundreds digit of 841511?
5
What is the hundred thousands digit of 384257?
3
What is the hundreds digit of 28510848?
8
What is the millions digit of 10055185?
0
What is the millions digit of 2166252?
2
What is the tens digit of 22494716?
1
What is the millions digit of 2840752?
2
What is the ten millions digit of 30833894?
3
What is the ten thousands digit of 186674?
8
What is the units digit of 12746798?
8
What is the thousands digit of 23296?
3
What is the millions digit of 4738165?
4
What is the hundreds digit of 907896?
8
What is the hundred thousands digit of 530035?
5
What is the tens digit of 653287?
8
What is the ten thousands digit of 317784?
1
What is the ten thousands digit of 5744411?
4
What is the hundred thousands digit of 19471705?
4
What is the hundreds digit of 316200?
2
What is the millions digit of 8369183?
8
What is the thousands digit of 677844?
7
What is the thousands digit of 16971016?
1
What is the thousands digit of 188866?
8
What is the thousands digit of 3075783?
5
What is the units digit of 1715830?
0
What is the tens digit of 27951?
5
What is the hundred thousands digit of 1010718?
0
What is the thousands digit of 49568?
9
What is the tens digit of 167044?
4
What is the thousands digit of 44754?
4
What is the ten thousands digit of 13338814?
3
What is the units digit of 19753246?
6
What is the thousands digit of 187664?
7
What is the thousands digit of 3868205?
8
What is the millions digit of 1812828?
1
What is the hundreds digit of 20072820?
8
What is the units digit of 837327?
7
What is the tens digit of 185447?
4
What is the tens digit of 30884032?
3
What is the hundred thousands digit of 363248?
3
What is the hundreds digit of 8054494?
4
What is the hundred thousands digit of 2044906?
0
What is the units digit of 2345845?
5
What is the hundreds digit of 7153287?
2
What is the hundreds digit of 115470?
4
What is the thousands digit of 1300502?
0
What is the hundreds digit of 6444341?
3
What is the ten thousands digit of 418056?
1
What is the units digit of 454045?
5
What is the hundred thousands digit of 439222?
4
What is the millions digit of 3257471?
3
What is the hundreds digit of 1228937?
9
What is the units digit of 6781575?
5
What is the tens digit of 13116436?
3
What is the hundred thousands digit of 306960?
3
What is the thousands digit of 2720749?
0
What is the ten millions digit of 30740630?
3
What is the hundreds digit of 459382?
3
What is the hundreds digit of 257444?
4
What is the thousands digit of 70251?
0
What is the ten thousands digit of 108695?
0
What is the ten thousands digit of 5203996?
0
What is the units digit of 157706?
6
What is the tens digit of 245118?
1
What is the thousands digit of 9430866?
0
What is the thousands digit of 9100078?
0
What is the units digit of 2060238?
8
What is the units digit of 63584?
4
What is the hundreds digit of 2557612?
6
What is the ten thousands digit of 1551085?
5
What is the hundreds digit of 801874?
8
What is the tens digit of 407616?
1
What is the hundred thousands digit of 1419160?
4
What is the units digit of 85715?
5
What is the tens digit of 489720?
2
What is the thousands digit of 9264400?
4
What is the millions digit of 8100673?
8
What is the ten thousands digit of 1208446?
0
What is the thousands digit of 279534?
9
What is the thousands digit of 84148?
4
What is the thousands digit of 8580753?
0
What is the units digit of 15465376?
6
What is the tens digit of 415749?
4
What is the tens digit of 252409?
0
What is the hundreds digit of 154284?
2
What is the millions digit of 26651916?
6
What is the ten thousands digit of 7174966?
7
What is the ten millions digit of 26309440?
2
What is the thousands digit of 2577604?
7
What is the hundred thousands digit of 10577625?
5
What is the hundreds digit of 171587?
5
What is the ten thousands digit of 6320847?
2
What is the tens digit of 815854?
5
What is the units digit of 13421973?
3
What is the ten thousands digit of 243688?
4
What is the thousands digit of 2020466?
0
What is the ten thousands digit of 46657?
4
What is the units digit of 2246950?
0
What is the ten thousands digit of 286501?
8
What is the ten thousands digit of 64475?
6
What is the thousands digit of 13911098?
1
What is the thousands digit of 976302?
6
What is the hundred thousands digit of 2128944?
1
What is the ten thousands digit of 217368?
1
What is the thousands digit of 12259824?
9
What is the hundred thousands digit of 4159354?
1
What is the ten thousands digit of 436640?
3
What is the hundred thousands digit of 597910?
5
What is the hundred thousands digit of 4855674?
8
What is the ten thousands digit of 526833?
2
What is the ten thousands digit of 924157?
2
What is the tens digit of 3673?
7
What is the tens digit of 1677869?
6
What is the hundreds digit of 55543?
5
What is the units digit of 81968?
8
What is the tens digit of 2260569?
6
What is the units digit of 292964?
4
What is the thousands digit of 235456?
5
What is the thousands digit of 4637121?
7
What is the units digit of 20588335?
5
What is the hundred thousands digit of 142278?
1
What is the hundreds digit of 18294341?
3
What is the units digit of 201464?
4
What is the tens digit of 1946096?
9
What is the ten thousands digit of 153676?
5
What is the ten thousands digit of 1149673?
4
What is the millions digit of 4456847?
4
What is the thousands digit of 3357835?
7
What is the hundreds digit of 260146?
1
What is the units digit of 1387461?
1
What is the units digit of 644122?
2
What is the hundred thousands digit of 9958089?
9
What is the units digit of 1438073?
3
What is the units digit of 844391?
1
What is the hundred thousands digit of 232743?
2
What is the ten thousands digit of 13618090?
1
What is the ten thousands digit of 517007?
1
What is the ten thousands digit of 190171?
9
What is the millions digit of 2523417?
2
What is the units digit of 3055832?
2
What is the hundred thousands digit of 7383803?
3
What is the ten thousands digit of 1303066?
0
What is the units digit of 90409?
9
What is the hundred thousands digit of 1856264?
8
What is the ten thousands digit of 1900814?
0
What is the hundred thousands digit of 1370028?
3
What is the ten thousands digit of 4067596?
6
What is the units digit of 174664?
4
What is the thousands digit of 17625211?
5
What is the units digit of 284936?
6
What is the ten thousands digit of 1336356?
3
What is the thousands digit of 568347?
8
What is the millions digit of 2126481?
2
What is the tens digit of 809980?
8
What is the ten thousands digit of 257240?
5
What is the tens digit of 107348?
4
What is the tens digit of 26572605?
0
What is the thousands digit of 539656?
9
What is the thousands digit of 2897334?
7
What is the thousands digit of 339376?
9
What is the millions digit of 4922417?
4
What is the thousands digit of 64879?
4
What is the units digit of 344475?
5
What is the tens digit of 259006?
0
What is the ten thousands digit of 602019?
0
What is the tens digit of 181501?
0
What is the thousands digit of 172904?
2
What is the ten thousands digit of 473636?
7
What is the thousands digit of 4502316?
2
What is the hundred thousands digit of 7235850?
2
What is the ten thousands digit of 6094723?
9
What is the hundred thousands digit of 952827?
9
What is the tens digit of 73290?
9
What is the units digit of 2417863?
3
What is the units digit of 707404?
4
What is the thousands digit of 137723?
7
What is the thousands digit of 215790?
5
What is the thousands digit of 151918?
1
What is the ten thousand